l = 72427 - 7411. Let d = -871 + l. Is d a composite number?
False
Suppose -2*q = 2425 - 6343. Let l = q + -898. Is l prime?
True
Let s = 50610 - 74423. Let w = -13846 - s. Is w prime?
True
Suppose -y - 2*v + 3455 = 0, 17*y + 13808 = 21*y - 4*v. Is y composite?
True
Let t(w) = 394*w**3 - 51*w**2 + 738*w - 71. Is t(16) composite?
True
Suppose 158*z - 163*z + 4*t = -948759, -5*z - 3*t = -948787. Is z a prime number?
False
Let a(f) be the first derivative of 209*f**3/3 - f**2/2 - 29*f - 12. Is a(-5) a composite number?
True
Let j = -4 + 11. Let r(k) be the first derivative of -k**4/4 + 8*k**3/3 + k**2/2 + 23*k + 333. Is r(j) a composite number?
False
Let x be (264/48)/(-1*1/(-2512)). Let t = x - -5917. Is t a composite number?
True
Is ((-4)/(-12))/(4 - (12325570/2465115 - 1)) prime?
True
Is 21001/((-6 - 3168/(-451)) + -1) a prime number?
False
Let v(b) = -5*b**3 - 2*b**2 - 5*b - 4. Let p be v(-1). Suppose 8*o - p*o = 4268. Is o prime?
False
Let s be (-2)/(3 + 55/(-15)). Suppose -497 = 3*d - a - 4*a, -333 = 2*d - s*a. Let z = -40 - d. Is z a composite number?
True
Is 1377605/2*(1932/(-60) + 33) a prime number?
False
Suppose -2*f - 10115 + 40609 = 0. Suppose -4*d = n - d - 7606, -2*n + f = -d. Is n a prime number?
True
Suppose -9*a = -19*a + 258670. Is a composite?
False
Let q(i) = -2*i**3 - 3*i**2 - 3*i + 2. Let j be q(0). Suppose 12 = 3*y + y. Suppose -j*z + 201 = 5*f, z + 98 = 2*z + y*f. Is z a prime number?
True
Let h = -437205 + 781468. Is h a prime number?
True
Suppose -40*u = -3*t - 37*u + 138, -t = -3*u - 36. Let o be 358 - -1 - (0 - -1). Let h = t + o. Is h prime?
True
Let x(u) = -3*u + 13*u**2 - u**2 - 11*u + 8 - u. Let h be x(-15). Suppose -2*k + 1178 = 4*i, -5*k + h = -6*i + 4*i. Is k a prime number?
True
Is (2/6)/(((-12)/2520*-14)/7129) a composite number?
True
Let n = -589336 + 1067423. Is n a composite number?
False
Let c = 104 - 116. Let q be ((-7024)/c)/(1/3). Let a = 2763 - q. Is a a composite number?
True
Is (-319 - 12)/(1/(-29)) composite?
True
Let t(m) = 23*m + 19. Suppose -3*u + 44 = 4*x + 1, -x = -2*u - 8. Is t(x) composite?
True
Let x be (-9375)/(-1375) - (2/(-11) - 0). Suppose -x*k + 10694 = -2823. Is k a prime number?
True
Let x be (18 + -19)*-1*3. Suppose -4 = -x*a - 4. Suppose -4*i - 121 = -3*h, 4*i + a*i + 164 = 4*h. Is h prime?
True
Suppose -3*i + 37 = -5*n, -2*i - 5*n + 33 = -10*n. Suppose 2*p = -f - i, 5*p = -9*f + 4*f - 20. Suppose a + 49 - 126 = p. Is a a prime number?
False
Suppose 3*z = -9, -4*y - 4*z + 11536055 = 2069559. Is y a prime number?
True
Suppose 0 = 7*g - 7 - 21. Suppose 12728 = 4*s - b, -6378 = 6*s - 8*s + g*b. Is s composite?
False
Let o = 879026 + -612853. Is o prime?
False
Let o(p) = 2660*p**2 - 13*p + 12. Let v be o(1). Suppose -540 = 13*y - v. Is y prime?
True
Suppose -89*k - 32584 = -4*y - 93*k, -3*y - 4*k + 24435 = 0. Is y a prime number?
False
Let h be (-1841 - 0)*10*1/(-2). Suppose -h - 11564 = -21*x. Is x prime?
False
Is (-28887659)/(-226) - (-1 - 22/(-4)) a composite number?
False
Suppose -12*f + 18*f + 24 = 0. Is -1 + (-16426)/f - (-57)/(-114) a composite number?
True
Let w be (-6 - (90283 + 1))*(-84)/15. Is (w/(-24))/(-7)*3 prime?
True
Let r = 862922 + -518349. Is r a prime number?
False
Let q(x) = 32*x**2 - 5 - 9 + 1 - 6*x + 5. Let l be q(-3). Suppose 5*g = l + 37. Is g composite?
False
Let q(x) = -x**2 + 14*x - 36. Let i be q(11). Is ((-64593)/27)/(i/9) composite?
False
Let k(c) = 3*c**2 - 57*c. Let q be k(19). Let o(b) = 2*b**3 + b + 6222. Let g be o(q). Suppose -3*n - 3*n = -g. Is n a composite number?
True
Suppose -20*t + 18*t = 0. Suppose k + t*k = 3, 5 = -5*h + 5*k. Suppose -478 = -0*n - h*n. Is n a prime number?
True
Suppose 5*t - 1 = -4*k + 10, 5*k - 2*t = 22. Let u be k/6*(-21)/2. Is u/(-28) - 3681/(-12) a composite number?
False
Suppose -5*a + 55 = -w, 5*w - 4*w - 45 = -5*a. Suppose 32128 = a*l - 11382. Is l composite?
True
Let n = -28267 - -61416. Is n prime?
True
Let r be (-27)/8 + (5/(-8) - -1). Is (-12439*3/(-9))/((-1)/r) a composite number?
True
Let x be 0/(-2 - 12/(-4)). Is ((-5)/10 - x)*-194 prime?
True
Let x(n) = -8*n + 7. Let l(d) = 3*d - 2. Let a(m) = -11*l(m) - 4*x(m). Let b be a(-11). Suppose -3*j = b*z - 117, -3*z + 49 + 130 = 5*j. Is j a prime number?
False
Let a(u) = 3*u**3 + 2*u**2 + 14*u + 268399. Is a(0) prime?
False
Suppose 2374697 = -278*c + 291*c. Is c a composite number?
True
Let m be (-4)/2 + -5 + 24229. Suppose 7*j = j + m. Let q = j - 1984. Is q a composite number?
False
Let t = 48 + -51. Let g be (-28)/(-15) + (-2)/(-15). Is 256 + t + 2 + g a prime number?
True
Suppose -11*j + 34 - 12 = 0. Let s be ((-5739)/3)/(1/j). Is 13/78 - s/12 prime?
False
Let v(r) = 3*r**2 - 18*r + 1. Let x be v(6). Is (x/(-5))/((-10)/1093150) a prime number?
True
Let v(h) = -3*h**2 - 14*h - 6. Let a be v(-4). Suppose 4*u - u + 4*q = 13, 4*u + a*q = 14. Let m(b) = 208*b + 5. Is m(u) a prime number?
False
Let f(w) = -5240*w**3 + 6*w + 17. Let x be f(-2). Suppose -25385 = -10*t + x. Is t a composite number?
True
Suppose 185*i = 61*i + 51909128. Is i prime?
False
Let h = 271551 - 134878. Is h prime?
False
Let l be -2*(-25 - (-16)/(-4))*-1. Let i be ((15 - 0) + -1)/((-2)/l). Suppose 0 = -8*m - i + 2094. Is m composite?
False
Let h(k) = -57*k**3 + 8*k**2 + 14*k + 14. Let p be h(-7). Suppose -7*q + 7490 = -p. Is q a prime number?
True
Suppose 4*q = -6*b + b + 3188, 5*b = 0. Let i = 4064 + q. Is i a prime number?
True
Suppose o - 2 = -o + 5*u, -4*o + u + 22 = 0. Suppose -3*m + d - 15 = 0, -2*m + 4 = o*d - 2*d. Is m + 5 - (-234 - 0) a composite number?
True
Suppose -55 = -50*f + 55*f. Let c(b) = b**2 + 11*b + 3. Let x be c(f). Suppose -x*z = 2*d - 9279, 4*d - 3*z = 2*z + 18613. Is d a prime number?
False
Suppose 46*i = -5*v + 44*i + 1272507, i + 763513 = 3*v. Is v composite?
True
Let u(d) = 2*d**3 - 6*d**2 + d + 3. Let w(l) = -8*l**3 + 23*l**2 - 3*l - 13. Let a(g) = -9*u(g) - 2*w(g). Is a(-8) composite?
False
Let n(l) = 11304*l + 10739. Is n(18) composite?
False
Let m = -9864 + 20083. Is m a composite number?
True
Let y = 108 + -110. Is (-27 + 21)*(-1 + 171/y) a composite number?
True
Suppose -52072190 = 183*g - 314570082 - 86740589. Is g a composite number?
False
Suppose l - 5*l - 108 = 5*p, 5*p + 3*l = -106. Let n(i) be the first derivative of -4*i**2 + 45*i + 6. Is n(p) prime?
False
Suppose -5*w + 11325 = -5*x, 2*w - 2181 = -2*x + 2361. Let s = w + -247. Is s prime?
False
Is (1700456/36)/(22/99) a composite number?
False
Is 6/(-5) - (37/185)/(1/(-283671)) a composite number?
True
Let u(i) = -12*i - 13. Suppose -3 = 2*n - 3*p - 0, 5*n - 6 = 3*p. Let f be n/(-5) + (-630)/75. Is u(f) prime?
False
Is (262 - 258)/(4/626230) + (2 - -1) prime?
False
Let y(n) = -n**2 + 22*n + 3. Let s be y(22). Suppose -s*g = -4*d - 1321, 3*d + 899 = 2*g + 4*d. Is g a composite number?
True
Let c = 110997 - 13600. Is c composite?
False
Suppose 810695 = -13*m + 8174948. Is m a composite number?
True
Suppose b - 34219 = -2*l, 5*b = 28*l - 26*l + 171083. Is b a prime number?
True
Suppose 7*l = 6*l - 52. Let d = l + 52. Suppose d = -k - 5*k + 9942. Is k a composite number?
False
Let c(s) = -2762*s**2 + 27*s + 3. Let a be c(9). Is (a/(-30))/((-10)/(-25)) a composite number?
True
Let q = -82 + 80. Let g be q/(-6) + 6*4/9. Suppose -j + 998 = -r - 2*r, 2*j - g*r - 1993 = 0. Is j prime?
False
Let g(o) be the first derivative of 5*o**2 + 43*o - 21. Let w be g(-10). Is (19/w)/((-2)/13758) prime?
True
Is ((-1)/(-12))/((-69)/(-59964588)) a composite number?
False
Suppose 4*i = -3*s + 31, 5*s + 0*i - 5*i - 5 = 0. Suppose 18 - 3 = s*t. Suppose -4*d = -l - 94, -2*d + l - t*l + 42 = 0. Is d prime?
True
Suppose -3*y + 2*f - 6*f - 10650 = 0, -3*y + 2*f - 10668 = 0. Let b = y - -5928. Suppose 14*c - b = 12*c. Is c prime?
True
Let w be -3 + 4 - (-7)/7. Is w/(-8) - (4 + (-204126)/24) a composite number?
False
Let j be (-4)/3*-3 - 1. Let n be 216/(-126) - 4/14. Is (-1 - n - -40)*j prime?
False
Let v(z) = 6*z**2 - 76*z + 230. Let s be v(8). Let u(r) = 56*r + 7 - 47*r + 113*r. Is u(s) composite?
False
Let w(s) be the first derivative of -s**4/4 + 7*s**3 + 8*s**2 - 5*s + 8. Is w(-11) a prime number?
True
Suppose 0 = -134*q + 140*q - 609990. Is q prime?
False
Let d be -15 + 12 - (-73 + 0). Let q be (-3)/2*d/(-21). Suppose -44 = -